-6 - -3 - 5?
-3
(4 - (4 - 2)) + 1 + -1
2
What is the value of -6 + (3 - (7 + (2 - 8)))?
-4
What is the value of -1 + 7 - 1 - (-191 - -191)?
5
2 + 0 - (-5 - -11)
-4
Calculate -2 + (5 - (2 + (6 - 4))).
-1
Evaluate -4 + 1 - (4 + (-4 - -1)).
-4
What is 2 - -8 - (-25 + 32)?
3
What is (-5 - -1) + 15 + -13?
-2
8 + -9 + (-1 - -4)
2
Calculate -3 - (-2 + (0 - -2)).
-3
What is the value of -3 + (-4 - -6) + 4?
3
-19 + 12 + -1 + 14
6
Evaluate (-9 - (-18 + -10)) + -13.
6
What is the value of 0 - (1 + 4 - 5)?
0
1 + -3 + 1 + 3
2
Evaluate 5 + 4 + -7 - 0.
2
What is the value of (-5 - 7) + (2 - 0 - -2)?
-8
-1 - (0 + 3) - -2 - 0
-2
(-9 - -16) + (-6 - (-9 + 3))
7
What is 1 + (-2 - -1) - (36 - 39)?
3
What is 1 + (-1 - -2) - (0 + -1)?
3
What is the value of -5 - (-9 + (0 - -1))?
3
5 - (6 - 0 - 1)
0
What is the value of -1 + (2 - -1) + 3?
5
What is (2 - 0) + (3 - 11)?
-6
Evaluate -4 + (4 - -11) - 3.
8
(1 - (6 + (-1 - 1))) + 1
-2
Calculate (-12 - -8) + 4 - (-2 - -1).
1
(-8 - -3) + 5 + -5
-5
What is the value of -6 + -7 + 0 + 9?
-4
Calculate (1 - -3) + (12 - 30) + 21.
7
Evaluate -32 + 35 + (-5 - (0 - 0)).
-2
What is -4 + (-3 + 1 - -2) + 2?
-2
What is 2 - 3 - 3 - (356 - 369)?
9
Evaluate (-1 - -2) + 12 + -10.
3
What is the value of 6 + (-2 - (-4 + 3))?
5
Calculate 7 - (-13 + 7 - -15).
-2
Calculate (2 - 6) + -6 + (0 - -6).
-4
What is 6 + -3 + 6 - (3 - -1)?
5
Calculate -4 + 4 + (3 - (3 - 1)).
1
-47 + 57 + 1 + -8
3
Evaluate (5 - (10 - 3)) + 4.
2
What is the value of 15 + (-5 - 1) + -15?
-6
Evaluate -13 + (2 - -3) + 2 + 7.
1
Evaluate (-15 - -7) + 7 - (0 - 5).
4
-2 + (0 + 0 - 1 - -3)
0
Calculate 2 + (-8 + 14 - 12).
-4
-2 - (-6 + (6 - 2))
0
Evaluate 0 + (7 - (-5 - -9)).
3
Calculate (3 - 4) + 0 + 2 + -3.
-2
(1 - 2) + (20 - 28) + 2
-7
What is the value of (1 - 1 - 2) + 0 + -3?
-5
What is (3 - -11) + -9 + -3?
2
What is 1 + (7 - (-10 + 20))?
-2
Evaluate (5 - 2) + 4 + -12 + 8.
3
Evaluate -2 - 8 - -5 - (-1 - 0).
-4
Evaluate -6 + 18 + 4 + -11.
5
(7 - 3) + -9 + 9
4
What is 7 + -2 + (-2 - (0 + 0))?
3
Evaluate 3 + 0 - (-1 + 4).
0
What is the value of 3 + 1 - (-7 + 13)?
-2
Calculate (0 + 2 - (26 + -29)) + -2.
3
Evaluate -17 + -7 + (21 - 8).
-11
Evaluate (-1 - 5) + (-7 - -9).
-4
Evaluate 11 + -16 - 1 - -10.
4
Evaluate -2 - (-1 + -1 + -1 + 2).
-1
5 + 6 + -17 - -12 - 5
1
-3 + 6 + 1 - 7
-3
3 - (9 + (-9 + 4 - 0))
-1
What is 3 - -1 - (4 - -3)?
-3
What is the value of 7 + -7 + 3 - 9?
-6
What is -1 - ((-3 - -5) + 0)?
-3
What is -5 + 1 + -11 + 10?
-5
What is -2 + 24 + -9 + -5?
8
Evaluate 0 + (1 - (1 - -2)).
-2
What is (-1 - 3) + (10 + -20 - -9)?
-5
Evaluate 5 - (16 + -14) - (-4 - 0).
7
(0 + 5 - (-8 + 10)) + 0
3
What is -8 + 3 + -3 + 1 + 7?
0
What is 2 + (-7 - 7) - -7?
-5
45 - 45 - (2 - (-1 - 0))
-3
What is (8 - 1) + -2 + 13 + -15?
3
What is the value of -1 - -1 - -3 - (18 + -16)?
1
(2 - (0 + 1)) + 1 + -4
-2
Evaluate 5 + (-2 - 0) + (-2 - -2).
3
Calculate (-22 + 9 - -5) + 1.
-7
What is the value of -4 - (-3 + 4 + -3 - -2)?
-4
What is the value of -1 + (1 - -8) - (2 + 2)?
4
1 - 3 - (-3 + 5 - 2)
-2
Evaluate 11 - (21 + (-4 - 6)).
0
What is -3 + (2 - (3 - (-2 - -8)))?
2
9 + -7 - (-2 - -1 - 3)
6
What is -10 + 8 + 2 + -5?
-5
Calculate (-4 - -2 - -2) + (-13 - -8).
-5
Calculate -196 - -197 - (-9 + (2 - 1)).
9
Calculate 4 - (-12 - (-2 + -5 + 2)).
11
What is the value of 2 - (3 + -22 - -12)?
9
Evaluate -1 - (-4 - (-2 + (3 - -3))).
7
Evaluate 0 + 6 + (-10 - 3).
-7
What is 16 + -5 - -2 - (-1 - -4)?
10
Evaluate (-1 - -10) + (7 - 2 - 9).
5
(10 - 9) + (1 - 1)
1
Calculate -5 + 4 + -2 + 2 + -5.
-6
Evaluate 0 - (-3 + 2 + 4).
-3
3 + -6 + 7 - 1
3
-51 + 46 + -4 + (0 - -1)
-8
What is the value of -6 - (-9 - (-1 - 4))?
-2
Calculate -5 + 3 + -4 + 8 + -11.
-9
Calculate 2 + (-4 - (8 + -6)).
-4
What is (-4 - -7 - 2) + 6?
7
20 + -23 + 6 + -1
2
Calculate (12 - 12 - 4) + -5.
-9
Evaluate (5 - 7) + 2 - -5.
5
What is the value of (1 - -3) + -23 + 23?
4
6 + -1 + 0 + (72 - 74)
3
What is the value of (-5 - 1) + (228 - 214)?
8
Calculate -10 - -1 - (-79 - -73).
-3
(0 - (2 + 2)) + 2 + 0
-2
-2 - (-4 - -4) - 1 - -9
6
29 + -30 + (0 - (-2 - 0))
1
What is -11 - -18 - (-1 + 9)?
-1
Calculate -4 + (8 - (3 - 0)).
1
What is 6 + -11 + 0 + 8?
3
Calculate -2 - (7 - (14 + 5 + -12)).
-2
What is the value of 0 + -4 + (4 - -2)?
2
What is the value of 4 + (0 - (-5 + 7))?
2
Calculate -3 + 3 + 6 + -3 + 2.
5
What is (-4 - 1 - -1) + -6 + 10?
0
Evaluate 0 + (7 - 2 - -1) - 3.
3
9 + (-5 - -3 - (1 - -1))
5
-9 + 8 + -11 + 4 + 7
-1
What is the value of 8 + -5 - (5 - 0 - 1)?
-1
What is the value of -1 - 4 - (11 + -15)?
-1
(49 - 49) + -2 + 2 + -2
-2
Evaluate 0 + -7 - (-4 + -3).
0
Calculate -1 + 12 + (9 - (22 + -10)).
8
What is the value of -11 - (1 - 4 - 2)?
-6
(13 - (7 - 1)) + -4
3
What is the value of 9 - (3 + 7 + 1)?
-2
4 - (2 + -2 + 4 + -4)
4
(-39 - -45) + -2 + 1 + -3
2
Calculate 10 + -6 + -10 + 0.
-6
Calculate 8 - (3 + -7 + 6).
6
Evaluate (3 + 20 - 12) + -4.
7
Calculate (1 + -4 - (3 + -3)) + 3.
0
What is the value of -1 + 2 - (-26 - (-32 + 2))?
-3
What is -1 + (11 - 6 - 6)?
-2
What is the value of 0 + (-5 - -1 - (3 - 2))?
-5
What is the value of -9 + (9 - (-13 - -23))?
-10
What is (-8 - -1) + (10 - 2)?
1
Evaluate 2 + (-3 - 3) - -3 - 4.
-5
What is (2 - -5) + -16 + 2 + 1?
-6
-5 + 5 + -1 + (-4 - -5)
0
99 + -96 + -1 + 5
7
(1 - 0) + (-80 - -78)
-1
What is the value of 0 - 6 - (-11 + 6)?
-1
-45 + 48 + (0 - 7)
-4
What is the value of (-3 - 1 - -5) + -8 + 1?
-6
Calculate -3 + 1 - -17 - 8.
7
What is the value of 4 - ((11 - (1 - -2)) + 1)?
-5
What is the value of 39 + -34 + 0 + 0?
5
What is (-15 - 3 - (2 + -8)) + 6?
-6
Evaluate -3 + 0 - (-6 - (-6 + -2)).
-5
Calculate 8 + (6 - 6) - 14.
-6
-2 - (-2 + -6 - (-1 - 1))
4
What is the value of -4 - 0 - (0 + 4 + -9)?
1
-7 - ((-29 - -11) + 10)
1
1 + 1 + (-6 - 3)
-7
What is 0 - (-1 + (-7 - -14))?
-6
Evaluate 5 + -7 - 1 - -4.
1
What is 3 + -3 + (2 - 7)?
-5
What is the value of (-4 - 0) + (5 - 5 - -2)?
-2
Evaluate (-2 - 0) + (-2 - (-7 + 3)).
0
What is the value of -7 + (-4 - (5 - 14))?
-2
-2 - -4 - (2 + -5)
5
-3 + 6 - (-6 + 13)
-4
-3 + -1 + 9 - (3 + 0)
2
What is -4 + 4 + -3 + 5 + 3?
5
Evaluate (-4 - (-2 - 3)) + 2.
3
(-5 - 3 - -7) + 4
3
What is 4 + -3 + -2 - (2 + 2)?
-5
What is the value of (0 - -5) + 2 + (-1 - 3)?
3
What is -1 + (-3 - -4) - 0?
0
(2 - 4 - 0) + 3 - -2
3
What is 9 - -1 - (-104 + 110)?
4
Calculate -1 + (24 - 25) + (1 - -2).
1
What is 2 + (2 + -3 - (-1 - 1))?
3
Evaluate -1 + (7 - 3) + -4.
-1
(3 + 14 - (3 + 3)) + -5
6
What is the value of 11 - (19 - (7 - -4))?
3
Evaluate -2 + -1 + (4 - 0 - -2).
3
What is the value of (-1 - -1) + 0 + 0 + -1?
-1
What is 1 + 0 + (-2 - -6) + -10?
-5
What is the value of -3 + 8 + -6 + -3?
-4
(5 - 4) + -5 - -2
-2
3 - (6 + -1 + -4)
2
Calculate (-19 - -1) + (-36 - -43).
-11
2 - (-1 - (-1 - 6))
-4
Calculate -8 - (-10 - (-2 + 5)).
5
What is the value of -2 + -5 + 6 + -1 + -1?
-3
What is the value of 0 - (6 + -2 + -3)?
-1
Evaluate (6 - 1) + (2 - 7).
0
Calculate (-1 - -4) + 66 + -68.
1
Evaluate -1 - 7 - (4 + -8) - -7.
3
What is the value of -1 + -4 + 0 + 7?
2
What is -9 + 14 + (-6 - -3)?
2
Evaluate 5 + (8 - (-5 - -23)).
-5
2 + 4 - (-19 + 23 - 9)
11
What is -4 + 5 + -2 + 5 + 0?
4
What is the value of 1 + (-6 - -1) + 3?
-1
Evaluate -4 + -4 + 6 + 2.
0
-2 - (-7 + 6 + -3)
2
What is (2 - 3) + 0 + 5?
4
Calculate 1 + (2 - 11) - (0 + -17).
9
-2 + 2 + -1 - (18 + -18)
-1
-1 - 0 - 5 - (-97 - -90)
1
What is -1 + 0 + -11 + 12 - 5?
-5
-2 - ((6 - 3) + -4 + 2)
-3
Calculate -8 + 6 + (5 - 5) + -1.
-3
3 + 4 + 1 + -2 + -1
5
(14 - (11 + -1)) + -4
0
Evaluate -11 - -4 - (-13 - -3).
3
Evaluate (6 - 11) + -3 + 2 + 2.
-4
Evaluate 3 - (-4 - (1 + -1 - 6)).
1
What is 7 + (-2 - -2 - 3) + -2?
2
What is the value of 5 + -2 + -8 + (3 - 1)?
-3
Calculate 1 + (2 - 1) - (-56 + 58).
0
Calculate -5 - (-3 + (5 - 5)) - 3.
-5
What is (-9 - -18) + -9 + 0 + 0?
0
-3 + 4 + (3 - 5)
-1
-1 - ((-1 - 0) + 2)
-2
-6 - (-3 - (4 - 4))
-3
Calculate -7 + 3 + -2 + 10.
4
-1 + -4 - (40 + -50)
5
What is the value of 0 - 0 - (-4 - -1)?
3
Evaluate 1 + -1 - (-11 - -10).
1
Evaluate -17 - (-8 + 9 + -10).
-8
What is 3 + 3 + -6 + -2?
-2
What is the value of 15 + -13 + (-2 - 2)?
-2
Evaluate 2 - (-1 + (1 - (2 - 2))).
2
Evaluate 3 + -1 + -6 + -2 - -4.
-2
Calculate -12 + -8 + 9 + 19.
8
Evaluate 13 - (-10 + 6 + 12).
5
What is -6 - (-3 - (0 + 1))?
-2
Evaluate (6 + -1 - 